-9bb8539
In base 12, what is -33b6 - -1986?
-1630
In base 13, what is 181b3 + -38?
18178
In base 11, what is 3484a7a + -4?
3484a76
In base 8, what is -1210263 + -4?
-1210267
In base 8, what is -166727 - 103?
-167032
In base 10, what is -3244204 - -11?
-3244193
In base 10, what is -5 + -62555726?
-62555731
In base 16, what is 29e6bf - 3?
29e6bc
In base 13, what is -4 - 14208c65?
-14208c69
In base 4, what is -1221333 - 20320?
-1302313
In base 9, what is 452378 + -34?
452344
In base 12, what is 132a + -11653?
-10325
In base 2, what is 10 + 100111010011000100100100?
100111010011000100100110
In base 6, what is -23524 - -330151?
302223
In base 9, what is -48165888 - 3?
-48166002
In base 13, what is 65ab5 - -54?
65b39
In base 5, what is 3124012 + 3044?
3132111
In base 11, what is a7964 - 40?
a7924
In base 12, what is -36 - -146ab32?
146aab8
In base 10, what is -14 + 3654465?
3654451
In base 16, what is -dcc6 + -d4?
-dd9a
In base 4, what is -13230013232 - 101?
-13230013333
In base 10, what is 265810 - -16?
265826
In base 14, what is -5b - 6c88a1?
-6c891c
In base 6, what is 3215324 + -102234?
3113050
In base 6, what is 120 - 2215012?
-2214452
In base 8, what is 536 + 11730326?
11731064
In base 10, what is -37 + -2606829?
-2606866
In base 15, what is c0e8 - e6a?
b17d
In base 10, what is -15842128 + 9?
-15842119
In base 5, what is 11032021 - -11144?
11043220
In base 2, what is -110010100001 + -101100011110?
-1011110111111
In base 13, what is -13151 + 2b04?
-1034a
In base 15, what is -3 + -1a7444?
-1a7447
In base 13, what is 135 - 535b08?
-5359a3
In base 9, what is -1484514 - 3?
-1484517
In base 9, what is 48767 - 461?
48306
In base 14, what is 6b099 + 3c?
6b0d7
In base 14, what is 2d18508 - 3?
2d18505
In base 10, what is 1188920 - -8?
1188928
In base 12, what is 377 - 4a759?
-4a3a2
In base 16, what is 2041 - -59?
209a
In base 16, what is -2e - c7c96?
-c7cc4
In base 7, what is 4 + -152125605?
-152125601
In base 12, what is 22b4b87 - 1?
22b4b86
In base 14, what is c + 472504?
472512
In base 7, what is -1 - -603540124?
603540123
In base 8, what is -3645 - 33230?
-37075
In base 3, what is 122002111211 - 210?
122002111001
In base 5, what is -124 - 2323232000?
-2323232124
In base 2, what is -101110110001 + 10001111010000010?
10001001011010001
In base 15, what is -223 - -12294?
12071
In base 6, what is -2 + 311335151?
311335145
In base 3, what is -22110 - -200110101?
200010221
In base 3, what is -100 - -10221022110?
10221022010
In base 4, what is 301 - 3332131003?
-3332130102
In base 12, what is 813470 + -5?
813467
In base 13, what is -25c4 + -1723?
-4017
In base 5, what is 20203 + -211444?
-141241
In base 12, what is 1311158 + 1?
1311159
In base 3, what is -2101000 + 10222201220?
10220100220
In base 15, what is 354877 - 1ad?
3546b9
In base 15, what is -753e5d + -3d?
-753e9b
In base 4, what is 2 - 122030031213?
-122030031211
In base 7, what is -13512 + -4532562?
-4546404
In base 6, what is -43043314 + 35?
-43043235
In base 11, what is 1 + 32a7166a?
32a71670
In base 7, what is 242431605 + -10?
242431565
In base 3, what is -102012112 - 11202122?
-120222011
In base 7, what is -3 - -34461521?
34461515
In base 13, what is 13b3439 - 3?
13b3436
In base 14, what is -126 + 1d694?
1d56c
In base 4, what is 1 + -1233101001301?
-1233101001300
In base 15, what is -18 + eb84e7?
eb84ce
In base 15, what is 100a5e + -c?
100a52
In base 14, what is -1170c8 + 17?
-1170b1
In base 14, what is 5 + -312813?
-31280c
In base 14, what is -12dd34 - b?
-12dd41
In base 12, what is 13754b + -30?
13751b
In base 2, what is -1000000001000100100001 + -1?
-1000000001000100100010
In base 4, what is 22222112 - 1120000?
21102112
In base 8, what is 222 - -223175?
223417
In base 14, what is -73 + -287?
-31a
In base 13, what is 24 + -193a3c?
-193a18
In base 6, what is 2411032451 + -5?
2411032442
In base 2, what is -111110 + -101101101000001010011?
-101101101000010010001
In base 7, what is 52141 - -1001?
53142
In base 6, what is -154534412 - -11?
-154534401
In base 4, what is 1030 - -10020021?
10021111
In base 4, what is -1 + -221233030200?
-221233030201
In base 8, what is 26 - 2146477?
-2146451
In base 6, what is -343422 + -103320?
-451142
In base 5, what is 3132343240 - 10?
3132343230
In base 8, what is -20017705 + 6?
-20017677
In base 10, what is 73 - 188503?
-188430
In base 14, what is -14b4 - 1cd?
-16a3
In base 3, what is 101 + -11202211001112?
-11202211001011
In base 10, what is -26533648 + 2?
-26533646
In base 9, what is 18 - 184008?
-183880
In base 3, what is -2111100000 + 21200000?
-2012200000
In base 6, what is 111 - -324152524?
324153035
In base 13, what is 13 + -12b50?
-12b3a
In base 14, what is 135a0 - -73?
13633
In base 12, what is 131925 - 65?
131880
In base 7, what is 151210511 - 5?
151210503
In base 12, what is 28 + -1a127ab?
-1a12783
In base 8, what is 1134600272 - 1?
1134600271
In base 11, what is -4a4 - 1043564?
-1043a58
In base 2, what is -11010001101010 - -100101100001001?
1011010011111
In base 4, what is 3000 - 21133102?
-21130102
In base 2, what is 110001000111101 - -10110110?
110001011110011
In base 15, what is -5aad5 + -8?
-5aadd
In base 7, what is -1151 + 352451?
351300
In base 2, what is -1 + 1110011000101111101101?
1110011000101111101100
In base 8, what is -32106 + 32100?
-6
In base 12, what is 58 - 349582?
-349526
In base 10, what is 24089 + 115?
24204
In base 6, what is -522 - 2515412?
-2520334
In base 9, what is -226001 + 57?
-225833
In base 7, what is 2 + -306442563?
-306442561
In base 13, what is -1cc6b85 - -2?
-1cc6b83
In base 12, what is -2309a + -552?
-23630
In base 3, what is 22111002 + 200221102?
1000102111
In base 15, what is -130243 + -30?
-130273
In base 9, what is -27177 + -53040?
-81227
In base 8, what is 15764250 + 1?
15764251
In base 5, what is -1132310 + 201?
-1132104
In base 11, what is -5 - -53300433?
53300429
In base 15, what is 4 - 39a038?
-39a034
In base 16, what is -3d70b - b6?
-3d7c1
In base 12, what is -2 - -38aba24?
38aba22
In base 2, what is 10 + -1010011110010011010100101?
-1010011110010011010100011
In base 6, what is -342501331 + 2?
-342501325
In base 13, what is -137451800 + -2?
-137451802
In base 3, what is 21111001220022 - -20?
21111001220112
In base 12, what is -551386 + -27?
-5513b1
In base 3, what is 12110 + -2211220000121?
-2211212211011
In base 6, what is -501221443 - -14?
-501221425
In base 5, what is -114042143 + 3321?
-114033322
In base 14, what is -1 - -b7a2769?
b7a2768
In base 4, what is -222 - 102002312?
-102003200
In base 16, what is 84420 - -1d7?
845f7
In base 9, what is -1633350238 + 4?
-1633350234
In base 5, what is 10041131 - -1112?
10042243
In base 3, what is -100112 - 1102120011?
-1102220200
In base 8, what is 711 + -1234736?
-1234025
In base 8, what is -170343722 - 5?
-170343727
In base 14, what is -5 + -11346b48?
-11346b4d
In base 4, what is -100 + 210121130112?
210121130012
In base 16, what is 4ea902 - -f?
4ea911
In base 2, what is -10100101 + -10001000100111101000?
-10001000101010001101
In base 5, what is 4 + 1023302144?
1023302203
In base 3, what is -2101010121211200 + 1?
-2101010121211122
In base 3, what is 222112001 + -121112?
221220112
In base 5, what is 111 - -3413433?
3414044
In base 14, what is 1 + -282b20?
-282b1d
In base 9, what is -13718 - 2405?
-16224
In base 16, what is -dd3 + -26d59?
-27b2c
In base 13, what is 489 - -2a4c?
3208
In base 5, what is 233211342134 - 1?
233211342133
In base 15, what is 3 + -87126a?
-871267
In base 11, what is 244921 + 20?
244941
In base 10, what is 65240221 - 5?
65240216
In base 4, what is -30230 - -2222131201?
2222100311
In base 12, what is 77669 + -364?
77305
In base 12, what is -4 - 2ba6706?
-2ba670a
In base 15, what is 1e - 16342?
-16323
In base 5, what is 2432204 - -243?
2433002
In base 15, what is 5 - c07abc?
-c07ab7
In base 16, what is -958e9 + -4c?
-95935
In base 4, what is -2 - -12300312303?
12300312301
In base 9, what is -108068387 + -5?
-108068403
In base 3, what is 1222 + 2100012022010?
2100012101002
In base 16, what is 4955d5b + 3?
4955d5e
In base 15, what is -1c624c - 14?
-1c6261
In base 7, what is 16543606 - 1?
16543605
In base 14, what is 786 + 2b36?
34bc
In base 9, what is 3 + 52224?
52227
In base 4, what is 102101200 + -101?
102101033
In base 15, what is 7107